{"id":5300,"date":"2025-04-22T19:05:16","date_gmt":"2025-04-22T19:05:16","guid":{"rendered":"https:\/\/respiramismares.com\/cursos-online\/?post_type=product&#038;p=5300"},"modified":"2026-03-27T18:36:36","modified_gmt":"2026-03-27T18:36:36","slug":"confio-en-mi-el-camino-de-vuelta-al-poder-personal","status":"publish","type":"product","link":"https:\/\/respiramismares.com\/cursos-online\/producto\/confio-en-mi-el-camino-de-vuelta-al-poder-personal\/","title":{"rendered":"Conf\u00eda en ti: con valor y autenticidad"},"content":{"rendered":"<p class=\"whitespace-pre-wrap break-words\">Bienvenido\/a al programa <span style=\"font-size: 17px;\"><em><strong>&#8220;Conf\u00edo en m\u00ed&#8221;<\/strong><\/em><\/span>, un viaje transformador de <strong>11 d\u00edas<\/strong> dise\u00f1ado para desarrollar y fortalecer tu confianza personal. Durante este proceso, aprender\u00e1s herramientas pr\u00e1cticas basadas en psicolog\u00eda, coaching, tereapias holisticas y neurociencia que te permitir\u00e1n construir una confianza aut\u00e9ntica y sostenible.<\/p>\n<p class=\"whitespace-pre-wrap break-words\">Este curso est\u00e1 dise\u00f1ado para ayudarte a superar la duda, el autosabotaje, la autoestima, y enfocarte en recuperar tu poder, valor y autenticidad personal.\u00a0 Aprender\u00e1s a cultivar una profunda confianza en ti y en la vida para tomar acci\u00f3n coherente con lo que realmente deseas.<\/p>\n<p class=\"whitespace-pre-wrap break-words\">Con cada ejercicio, con cada reflexi\u00f3n y con cada acci\u00f3n valiente, estar\u00e1s construyendo no solo una mayor confianza, sino tambi\u00e9n una relaci\u00f3n m\u00e1s aut\u00e9ntica contigo mismo\/a.<\/p>\n<p class=\"whitespace-pre-wrap break-words\"><span style=\"font-size: 17px;\"><strong>\u00a1Comencemos este viaje junt@s!<\/strong><\/span><\/p>\n","protected":false},"excerpt":{"rendered":"<blockquote>\n<p class=\"whitespace-pre-wrap break-words\"><em>La confianza no es un rasgo con el que se nace, sino una habilidad que se desarrolla con pr\u00e1ctica constante. Este programa est\u00e1 hecho con amor e investigaci\u00f3n, tiempo y dedicaci\u00f3n para guiarte paso a paso, combinando conocimiento te\u00f3rico con ejercicios pr\u00e1cticos que puedes implementar inmediatamente en tu vida cotidiana.<\/em><\/p>\n<\/blockquote>\n<p class=\"whitespace-pre-wrap break-words\">\n","protected":false},"featured_media":5311,"template":"","meta":[],"product_brand":[],"product_cat":[34],"product_tag":[],"class_list":{"0":"post-5300","1":"product","2":"type-product","3":"status-publish","4":"has-post-thumbnail","6":"product_cat-cursos","8":"first","9":"instock","10":"sale","11":"shipping-taxable","12":"purchasable","13":"product-type-simple"},"yoast_head":"<!-- This site is optimized with the Yoast SEO plugin v27.3 - https:\/\/yoast.com\/product\/yoast-seo-wordpress\/ -->\n<title>Conf\u00eda en ti: con valor y autenticidad - Respira Mis Mares<\/title>\n<meta name=\"robots\" content=\"index, follow, max-snippet:-1, max-image-preview:large, max-video-preview:-1\" \/>\n<link rel=\"canonical\" href=\"https:\/\/respiramismares.com\/cursos-online\/producto\/confio-en-mi-el-camino-de-vuelta-al-poder-personal\/\" \/>\n<meta property=\"og:locale\" content=\"es_ES\" \/>\n<meta property=\"og:type\" content=\"article\" \/>\n<meta property=\"og:title\" content=\"Conf\u00eda en ti: con valor y autenticidad - Respira Mis Mares\" \/>\n<meta property=\"og:description\" content=\"La confianza no es un rasgo con el que se nace, sino una habilidad que se desarrolla con pr\u00e1ctica constante. Este programa est\u00e1 hecho con amor e investigaci\u00f3n, tiempo y dedicaci\u00f3n para guiarte paso a paso, combinando conocimiento te\u00f3rico con ejercicios pr\u00e1cticos que puedes implementar inmediatamente en tu vida cotidiana.\" \/>\n<meta property=\"og:url\" content=\"https:\/\/respiramismares.com\/cursos-online\/producto\/confio-en-mi-el-camino-de-vuelta-al-poder-personal\/\" \/>\n<meta property=\"og:site_name\" content=\"Respira Mis Mares\" \/>\n<meta property=\"article:publisher\" content=\"https:\/\/www.facebook.com\/respiramismares\/\" \/>\n<meta property=\"article:modified_time\" content=\"2026-03-27T18:36:36+00:00\" \/>\n<meta property=\"og:image\" content=\"https:\/\/respiramismares.com\/cursos-online\/wp-content\/uploads\/2025\/04\/IMG_7075-e1745350729860.jpeg\" \/>\n\t<meta property=\"og:image:width\" content=\"1297\" \/>\n\t<meta property=\"og:image:height\" content=\"1962\" \/>\n\t<meta property=\"og:image:type\" content=\"image\/jpeg\" \/>\n<meta name=\"twitter:card\" content=\"summary_large_image\" \/>\n<script type=\"application\/ld+json\" class=\"yoast-schema-graph\">{\"@context\":\"https:\\\/\\\/schema.org\",\"@graph\":[{\"@type\":\"WebPage\",\"@id\":\"https:\\\/\\\/respiramismares.com\\\/cursos-online\\\/producto\\\/confio-en-mi-el-camino-de-vuelta-al-poder-personal\\\/\",\"url\":\"https:\\\/\\\/respiramismares.com\\\/cursos-online\\\/producto\\\/confio-en-mi-el-camino-de-vuelta-al-poder-personal\\\/\",\"name\":\"Conf\u00eda en ti: con valor y autenticidad - Respira Mis Mares\",\"isPartOf\":{\"@id\":\"https:\\\/\\\/respiramismares.com\\\/cursos-online\\\/#website\"},\"primaryImageOfPage\":{\"@id\":\"https:\\\/\\\/respiramismares.com\\\/cursos-online\\\/producto\\\/confio-en-mi-el-camino-de-vuelta-al-poder-personal\\\/#primaryimage\"},\"image\":{\"@id\":\"https:\\\/\\\/respiramismares.com\\\/cursos-online\\\/producto\\\/confio-en-mi-el-camino-de-vuelta-al-poder-personal\\\/#primaryimage\"},\"thumbnailUrl\":\"https:\\\/\\\/respiramismares.com\\\/cursos-online\\\/wp-content\\\/uploads\\\/2025\\\/04\\\/IMG_7075-e1745350729860.jpeg\",\"datePublished\":\"2025-04-22T19:05:16+00:00\",\"dateModified\":\"2026-03-27T18:36:36+00:00\",\"breadcrumb\":{\"@id\":\"https:\\\/\\\/respiramismares.com\\\/cursos-online\\\/producto\\\/confio-en-mi-el-camino-de-vuelta-al-poder-personal\\\/#breadcrumb\"},\"inLanguage\":\"es\",\"potentialAction\":[{\"@type\":\"ReadAction\",\"target\":[\"https:\\\/\\\/respiramismares.com\\\/cursos-online\\\/producto\\\/confio-en-mi-el-camino-de-vuelta-al-poder-personal\\\/\"]}]},{\"@type\":\"ImageObject\",\"inLanguage\":\"es\",\"@id\":\"https:\\\/\\\/respiramismares.com\\\/cursos-online\\\/producto\\\/confio-en-mi-el-camino-de-vuelta-al-poder-personal\\\/#primaryimage\",\"url\":\"https:\\\/\\\/respiramismares.com\\\/cursos-online\\\/wp-content\\\/uploads\\\/2025\\\/04\\\/IMG_7075-e1745350729860.jpeg\",\"contentUrl\":\"https:\\\/\\\/respiramismares.com\\\/cursos-online\\\/wp-content\\\/uploads\\\/2025\\\/04\\\/IMG_7075-e1745350729860.jpeg\",\"width\":1297,\"height\":1962},{\"@type\":\"BreadcrumbList\",\"@id\":\"https:\\\/\\\/respiramismares.com\\\/cursos-online\\\/producto\\\/confio-en-mi-el-camino-de-vuelta-al-poder-personal\\\/#breadcrumb\",\"itemListElement\":[{\"@type\":\"ListItem\",\"position\":1,\"name\":\"Home\",\"item\":\"https:\\\/\\\/respiramismares.com\\\/cursos-online\\\/\"},{\"@type\":\"ListItem\",\"position\":2,\"name\":\"Tienda\",\"item\":\"https:\\\/\\\/respiramismares.com\\\/cursos-online\\\/tienda\\\/\"},{\"@type\":\"ListItem\",\"position\":3,\"name\":\"Conf\u00eda en ti: con valor y autenticidad\"}]},{\"@type\":\"WebSite\",\"@id\":\"https:\\\/\\\/respiramismares.com\\\/cursos-online\\\/#website\",\"url\":\"https:\\\/\\\/respiramismares.com\\\/cursos-online\\\/\",\"name\":\"Respira Mis Mares\",\"description\":\"Camila Fern\u00e1ndez\",\"publisher\":{\"@id\":\"https:\\\/\\\/respiramismares.com\\\/cursos-online\\\/#organization\"},\"alternateName\":\"Camila Fern\u00e1ndez - Psicoterapeuta Cu\u00e1ntica y Gu\u00eda Bienestar mental, emocional y espiritual\",\"potentialAction\":[{\"@type\":\"SearchAction\",\"target\":{\"@type\":\"EntryPoint\",\"urlTemplate\":\"https:\\\/\\\/respiramismares.com\\\/cursos-online\\\/?s={search_term_string}\"},\"query-input\":{\"@type\":\"PropertyValueSpecification\",\"valueRequired\":true,\"valueName\":\"search_term_string\"}}],\"inLanguage\":\"es\"},{\"@type\":\"Organization\",\"@id\":\"https:\\\/\\\/respiramismares.com\\\/cursos-online\\\/#organization\",\"name\":\"Respira Mis Mares\",\"alternateName\":\"Camila Fern\u00e1ndez - Psicoterapeuta Cu\u00e1ntica y Gu\u00eda Bienestar mental, emocional y espiritual\",\"url\":\"https:\\\/\\\/respiramismares.com\\\/cursos-online\\\/\",\"logo\":{\"@type\":\"ImageObject\",\"inLanguage\":\"es\",\"@id\":\"https:\\\/\\\/respiramismares.com\\\/cursos-online\\\/#\\\/schema\\\/logo\\\/image\\\/\",\"url\":\"https:\\\/\\\/respiramismares.com\\\/cursos-online\\\/wp-content\\\/uploads\\\/2021\\\/01\\\/logop2.png\",\"contentUrl\":\"https:\\\/\\\/respiramismares.com\\\/cursos-online\\\/wp-content\\\/uploads\\\/2021\\\/01\\\/logop2.png\",\"width\":972,\"height\":259,\"caption\":\"Respira Mis Mares\"},\"image\":{\"@id\":\"https:\\\/\\\/respiramismares.com\\\/cursos-online\\\/#\\\/schema\\\/logo\\\/image\\\/\"},\"sameAs\":[\"https:\\\/\\\/www.facebook.com\\\/respiramismares\\\/\",\"https:\\\/\\\/www.instagram.com\\\/respiramismares\\\/\"]}]}<\/script>\n<!-- \/ Yoast SEO plugin. -->","yoast_head_json":{"title":"Conf\u00eda en ti: con valor y autenticidad - Respira Mis Mares","robots":{"index":"index","follow":"follow","max-snippet":"max-snippet:-1","max-image-preview":"max-image-preview:large","max-video-preview":"max-video-preview:-1"},"canonical":"https:\/\/respiramismares.com\/cursos-online\/producto\/confio-en-mi-el-camino-de-vuelta-al-poder-personal\/","og_locale":"es_ES","og_type":"article","og_title":"Conf\u00eda en ti: con valor y autenticidad - Respira Mis Mares","og_description":"La confianza no es un rasgo con el que se nace, sino una habilidad que se desarrolla con pr\u00e1ctica constante. Este programa est\u00e1 hecho con amor e investigaci\u00f3n, tiempo y dedicaci\u00f3n para guiarte paso a paso, combinando conocimiento te\u00f3rico con ejercicios pr\u00e1cticos que puedes implementar inmediatamente en tu vida cotidiana.","og_url":"https:\/\/respiramismares.com\/cursos-online\/producto\/confio-en-mi-el-camino-de-vuelta-al-poder-personal\/","og_site_name":"Respira Mis Mares","article_publisher":"https:\/\/www.facebook.com\/respiramismares\/","article_modified_time":"2026-03-27T18:36:36+00:00","og_image":[{"width":1297,"height":1962,"url":"https:\/\/respiramismares.com\/cursos-online\/wp-content\/uploads\/2025\/04\/IMG_7075-e1745350729860.jpeg","type":"image\/jpeg"}],"twitter_card":"summary_large_image","schema":{"@context":"https:\/\/schema.org","@graph":[{"@type":"WebPage","@id":"https:\/\/respiramismares.com\/cursos-online\/producto\/confio-en-mi-el-camino-de-vuelta-al-poder-personal\/","url":"https:\/\/respiramismares.com\/cursos-online\/producto\/confio-en-mi-el-camino-de-vuelta-al-poder-personal\/","name":"Conf\u00eda en ti: con valor y autenticidad - Respira Mis Mares","isPartOf":{"@id":"https:\/\/respiramismares.com\/cursos-online\/#website"},"primaryImageOfPage":{"@id":"https:\/\/respiramismares.com\/cursos-online\/producto\/confio-en-mi-el-camino-de-vuelta-al-poder-personal\/#primaryimage"},"image":{"@id":"https:\/\/respiramismares.com\/cursos-online\/producto\/confio-en-mi-el-camino-de-vuelta-al-poder-personal\/#primaryimage"},"thumbnailUrl":"https:\/\/respiramismares.com\/cursos-online\/wp-content\/uploads\/2025\/04\/IMG_7075-e1745350729860.jpeg","datePublished":"2025-04-22T19:05:16+00:00","dateModified":"2026-03-27T18:36:36+00:00","breadcrumb":{"@id":"https:\/\/respiramismares.com\/cursos-online\/producto\/confio-en-mi-el-camino-de-vuelta-al-poder-personal\/#breadcrumb"},"inLanguage":"es","potentialAction":[{"@type":"ReadAction","target":["https:\/\/respiramismares.com\/cursos-online\/producto\/confio-en-mi-el-camino-de-vuelta-al-poder-personal\/"]}]},{"@type":"ImageObject","inLanguage":"es","@id":"https:\/\/respiramismares.com\/cursos-online\/producto\/confio-en-mi-el-camino-de-vuelta-al-poder-personal\/#primaryimage","url":"https:\/\/respiramismares.com\/cursos-online\/wp-content\/uploads\/2025\/04\/IMG_7075-e1745350729860.jpeg","contentUrl":"https:\/\/respiramismares.com\/cursos-online\/wp-content\/uploads\/2025\/04\/IMG_7075-e1745350729860.jpeg","width":1297,"height":1962},{"@type":"BreadcrumbList","@id":"https:\/\/respiramismares.com\/cursos-online\/producto\/confio-en-mi-el-camino-de-vuelta-al-poder-personal\/#breadcrumb","itemListElement":[{"@type":"ListItem","position":1,"name":"Home","item":"https:\/\/respiramismares.com\/cursos-online\/"},{"@type":"ListItem","position":2,"name":"Tienda","item":"https:\/\/respiramismares.com\/cursos-online\/tienda\/"},{"@type":"ListItem","position":3,"name":"Conf\u00eda en ti: con valor y autenticidad"}]},{"@type":"WebSite","@id":"https:\/\/respiramismares.com\/cursos-online\/#website","url":"https:\/\/respiramismares.com\/cursos-online\/","name":"Respira Mis Mares","description":"Camila Fern\u00e1ndez","publisher":{"@id":"https:\/\/respiramismares.com\/cursos-online\/#organization"},"alternateName":"Camila Fern\u00e1ndez - Psicoterapeuta Cu\u00e1ntica y Gu\u00eda Bienestar mental, emocional y espiritual","potentialAction":[{"@type":"SearchAction","target":{"@type":"EntryPoint","urlTemplate":"https:\/\/respiramismares.com\/cursos-online\/?s={search_term_string}"},"query-input":{"@type":"PropertyValueSpecification","valueRequired":true,"valueName":"search_term_string"}}],"inLanguage":"es"},{"@type":"Organization","@id":"https:\/\/respiramismares.com\/cursos-online\/#organization","name":"Respira Mis Mares","alternateName":"Camila Fern\u00e1ndez - Psicoterapeuta Cu\u00e1ntica y Gu\u00eda Bienestar mental, emocional y espiritual","url":"https:\/\/respiramismares.com\/cursos-online\/","logo":{"@type":"ImageObject","inLanguage":"es","@id":"https:\/\/respiramismares.com\/cursos-online\/#\/schema\/logo\/image\/","url":"https:\/\/respiramismares.com\/cursos-online\/wp-content\/uploads\/2021\/01\/logop2.png","contentUrl":"https:\/\/respiramismares.com\/cursos-online\/wp-content\/uploads\/2021\/01\/logop2.png","width":972,"height":259,"caption":"Respira Mis Mares"},"image":{"@id":"https:\/\/respiramismares.com\/cursos-online\/#\/schema\/logo\/image\/"},"sameAs":["https:\/\/www.facebook.com\/respiramismares\/","https:\/\/www.instagram.com\/respiramismares\/"]}]}},"_links":{"self":[{"href":"https:\/\/respiramismares.com\/cursos-online\/wp-json\/wp\/v2\/product\/5300","targetHints":{"allow":["GET"]}}],"collection":[{"href":"https:\/\/respiramismares.com\/cursos-online\/wp-json\/wp\/v2\/product"}],"about":[{"href":"https:\/\/respiramismares.com\/cursos-online\/wp-json\/wp\/v2\/types\/product"}],"wp:featuredmedia":[{"embeddable":true,"href":"https:\/\/respiramismares.com\/cursos-online\/wp-json\/wp\/v2\/media\/5311"}],"wp:attachment":[{"href":"https:\/\/respiramismares.com\/cursos-online\/wp-json\/wp\/v2\/media?parent=5300"}],"wp:term":[{"taxonomy":"product_brand","embeddable":true,"href":"https:\/\/respiramismares.com\/cursos-online\/wp-json\/wp\/v2\/product_brand?post=5300"},{"taxonomy":"product_cat","embeddable":true,"href":"https:\/\/respiramismares.com\/cursos-online\/wp-json\/wp\/v2\/product_cat?post=5300"},{"taxonomy":"product_tag","embeddable":true,"href":"https:\/\/respiramismares.com\/cursos-online\/wp-json\/wp\/v2\/product_tag?post=5300"}],"curies":[{"name":"wp","href":"https:\/\/api.w.org\/{rel}","templated":true}]}}