{"id":4591,"date":"2023-11-06T20:51:00","date_gmt":"2023-11-06T20:51:00","guid":{"rendered":"https:\/\/respiramismares.com\/cursos-online\/?post_type=product&#038;p=4591"},"modified":"2026-04-08T18:30:57","modified_gmt":"2026-04-08T18:30:57","slug":"7-pasos-hacia-el-amor-propio-la-accion-que-requieres-para-tus-logros","status":"publish","type":"product","link":"https:\/\/respiramismares.com\/cursos-online\/producto\/7-pasos-hacia-el-amor-propio-la-accion-que-requieres-para-tus-logros\/","title":{"rendered":"7 pasos hacia el amor propio: La acci\u00f3n que requieres para tus logros"},"content":{"rendered":"<p>Sum\u00e9rgete en un viaje de autodescubrimiento y empoderamiento con nuestro curso de amor propio. Aprende a cultivar una relaci\u00f3n m\u00e1s saludable contigo mismo y a abrazar la autoaceptaci\u00f3n. Este curso te brindar\u00e1 las herramientas para nutrir tu amor propio y vivir una vida m\u00e1s plena y feliz.<\/p>\n","protected":false},"excerpt":{"rendered":"<p>Descubre la magia del amor propio en nuestro curso dise\u00f1ado para empoderarte y transformar tu relaci\u00f3n contigo mismo. Explora la autoaceptaci\u00f3n, el bienestar emocional y la autocompasi\u00f3n. \u00danete a nosotros en este viaje de autodescubrimiento y crecimiento personal.<\/p>\n","protected":false},"featured_media":4592,"template":"","meta":[],"product_brand":[],"product_cat":[34],"product_tag":[],"class_list":{"0":"post-4591","1":"product","2":"type-product","3":"status-publish","4":"has-post-thumbnail","6":"product_cat-cursos","8":"first","9":"instock","10":"sale","11":"shipping-taxable","12":"purchasable","13":"product-type-simple"},"yoast_head":"<!-- This site is optimized with the Yoast SEO plugin v27.3 - https:\/\/yoast.com\/product\/yoast-seo-wordpress\/ -->\n<title>7 pasos hacia el amor propio: La acci\u00f3n que requieres para tus logros - Respira Mis Mares<\/title>\n<meta name=\"robots\" content=\"index, follow, max-snippet:-1, max-image-preview:large, max-video-preview:-1\" \/>\n<link rel=\"canonical\" href=\"https:\/\/respiramismares.com\/cursos-online\/producto\/7-pasos-hacia-el-amor-propio-la-accion-que-requieres-para-tus-logros\/\" \/>\n<meta property=\"og:locale\" content=\"es_ES\" \/>\n<meta property=\"og:type\" content=\"article\" \/>\n<meta property=\"og:title\" content=\"7 pasos hacia el amor propio: La acci\u00f3n que requieres para tus logros - Respira Mis Mares\" \/>\n<meta property=\"og:description\" content=\"Descubre la magia del amor propio en nuestro curso dise\u00f1ado para empoderarte y transformar tu relaci\u00f3n contigo mismo. Explora la autoaceptaci\u00f3n, el bienestar emocional y la autocompasi\u00f3n. \u00danete a nosotros en este viaje de autodescubrimiento y crecimiento personal.\" \/>\n<meta property=\"og:url\" content=\"https:\/\/respiramismares.com\/cursos-online\/producto\/7-pasos-hacia-el-amor-propio-la-accion-que-requieres-para-tus-logros\/\" \/>\n<meta property=\"og:site_name\" content=\"Respira Mis Mares\" \/>\n<meta property=\"article:publisher\" content=\"https:\/\/www.facebook.com\/respiramismares\/\" \/>\n<meta property=\"article:modified_time\" content=\"2026-04-08T18:30:57+00:00\" \/>\n<meta property=\"og:image\" content=\"https:\/\/respiramismares.com\/cursos-online\/wp-content\/uploads\/2023\/11\/D1649056-BB00-4393-873E-5A5ADA4528BD.png\" \/>\n\t<meta property=\"og:image:width\" content=\"1080\" \/>\n\t<meta property=\"og:image:height\" content=\"1080\" \/>\n\t<meta property=\"og:image:type\" content=\"image\/png\" \/>\n<meta name=\"twitter:card\" content=\"summary_large_image\" \/>\n<script type=\"application\/ld+json\" class=\"yoast-schema-graph\">{\"@context\":\"https:\\\/\\\/schema.org\",\"@graph\":[{\"@type\":\"WebPage\",\"@id\":\"https:\\\/\\\/respiramismares.com\\\/cursos-online\\\/producto\\\/7-pasos-hacia-el-amor-propio-la-accion-que-requieres-para-tus-logros\\\/\",\"url\":\"https:\\\/\\\/respiramismares.com\\\/cursos-online\\\/producto\\\/7-pasos-hacia-el-amor-propio-la-accion-que-requieres-para-tus-logros\\\/\",\"name\":\"7 pasos hacia el amor propio: La acci\u00f3n que requieres para tus logros - Respira Mis Mares\",\"isPartOf\":{\"@id\":\"https:\\\/\\\/respiramismares.com\\\/cursos-online\\\/#website\"},\"primaryImageOfPage\":{\"@id\":\"https:\\\/\\\/respiramismares.com\\\/cursos-online\\\/producto\\\/7-pasos-hacia-el-amor-propio-la-accion-que-requieres-para-tus-logros\\\/#primaryimage\"},\"image\":{\"@id\":\"https:\\\/\\\/respiramismares.com\\\/cursos-online\\\/producto\\\/7-pasos-hacia-el-amor-propio-la-accion-que-requieres-para-tus-logros\\\/#primaryimage\"},\"thumbnailUrl\":\"https:\\\/\\\/respiramismares.com\\\/cursos-online\\\/wp-content\\\/uploads\\\/2023\\\/11\\\/D1649056-BB00-4393-873E-5A5ADA4528BD.png\",\"datePublished\":\"2023-11-06T20:51:00+00:00\",\"dateModified\":\"2026-04-08T18:30:57+00:00\",\"breadcrumb\":{\"@id\":\"https:\\\/\\\/respiramismares.com\\\/cursos-online\\\/producto\\\/7-pasos-hacia-el-amor-propio-la-accion-que-requieres-para-tus-logros\\\/#breadcrumb\"},\"inLanguage\":\"es\",\"potentialAction\":[{\"@type\":\"ReadAction\",\"target\":[\"https:\\\/\\\/respiramismares.com\\\/cursos-online\\\/producto\\\/7-pasos-hacia-el-amor-propio-la-accion-que-requieres-para-tus-logros\\\/\"]}]},{\"@type\":\"ImageObject\",\"inLanguage\":\"es\",\"@id\":\"https:\\\/\\\/respiramismares.com\\\/cursos-online\\\/producto\\\/7-pasos-hacia-el-amor-propio-la-accion-que-requieres-para-tus-logros\\\/#primaryimage\",\"url\":\"https:\\\/\\\/respiramismares.com\\\/cursos-online\\\/wp-content\\\/uploads\\\/2023\\\/11\\\/D1649056-BB00-4393-873E-5A5ADA4528BD.png\",\"contentUrl\":\"https:\\\/\\\/respiramismares.com\\\/cursos-online\\\/wp-content\\\/uploads\\\/2023\\\/11\\\/D1649056-BB00-4393-873E-5A5ADA4528BD.png\",\"width\":1080,\"height\":1080},{\"@type\":\"BreadcrumbList\",\"@id\":\"https:\\\/\\\/respiramismares.com\\\/cursos-online\\\/producto\\\/7-pasos-hacia-el-amor-propio-la-accion-que-requieres-para-tus-logros\\\/#breadcrumb\",\"itemListElement\":[{\"@type\":\"ListItem\",\"position\":1,\"name\":\"Home\",\"item\":\"https:\\\/\\\/respiramismares.com\\\/cursos-online\\\/\"},{\"@type\":\"ListItem\",\"position\":2,\"name\":\"Tienda\",\"item\":\"https:\\\/\\\/respiramismares.com\\\/cursos-online\\\/tienda\\\/\"},{\"@type\":\"ListItem\",\"position\":3,\"name\":\"7 pasos hacia el amor propio: La acci\u00f3n que requieres para tus logros\"}]},{\"@type\":\"WebSite\",\"@id\":\"https:\\\/\\\/respiramismares.com\\\/cursos-online\\\/#website\",\"url\":\"https:\\\/\\\/respiramismares.com\\\/cursos-online\\\/\",\"name\":\"Respira Mis Mares\",\"description\":\"Camila Fern\u00e1ndez\",\"publisher\":{\"@id\":\"https:\\\/\\\/respiramismares.com\\\/cursos-online\\\/#organization\"},\"alternateName\":\"Camila Fern\u00e1ndez - Psicoterapeuta Cu\u00e1ntica y Gu\u00eda Bienestar mental, emocional y espiritual\",\"potentialAction\":[{\"@type\":\"SearchAction\",\"target\":{\"@type\":\"EntryPoint\",\"urlTemplate\":\"https:\\\/\\\/respiramismares.com\\\/cursos-online\\\/?s={search_term_string}\"},\"query-input\":{\"@type\":\"PropertyValueSpecification\",\"valueRequired\":true,\"valueName\":\"search_term_string\"}}],\"inLanguage\":\"es\"},{\"@type\":\"Organization\",\"@id\":\"https:\\\/\\\/respiramismares.com\\\/cursos-online\\\/#organization\",\"name\":\"Respira Mis Mares\",\"alternateName\":\"Camila Fern\u00e1ndez - Psicoterapeuta Cu\u00e1ntica y Gu\u00eda Bienestar mental, emocional y espiritual\",\"url\":\"https:\\\/\\\/respiramismares.com\\\/cursos-online\\\/\",\"logo\":{\"@type\":\"ImageObject\",\"inLanguage\":\"es\",\"@id\":\"https:\\\/\\\/respiramismares.com\\\/cursos-online\\\/#\\\/schema\\\/logo\\\/image\\\/\",\"url\":\"https:\\\/\\\/respiramismares.com\\\/cursos-online\\\/wp-content\\\/uploads\\\/2021\\\/01\\\/logop2.png\",\"contentUrl\":\"https:\\\/\\\/respiramismares.com\\\/cursos-online\\\/wp-content\\\/uploads\\\/2021\\\/01\\\/logop2.png\",\"width\":972,\"height\":259,\"caption\":\"Respira Mis Mares\"},\"image\":{\"@id\":\"https:\\\/\\\/respiramismares.com\\\/cursos-online\\\/#\\\/schema\\\/logo\\\/image\\\/\"},\"sameAs\":[\"https:\\\/\\\/www.facebook.com\\\/respiramismares\\\/\",\"https:\\\/\\\/www.instagram.com\\\/respiramismares\\\/\"]}]}<\/script>\n<!-- \/ Yoast SEO plugin. -->","yoast_head_json":{"title":"7 pasos hacia el amor propio: La acci\u00f3n que requieres para tus logros - Respira Mis Mares","robots":{"index":"index","follow":"follow","max-snippet":"max-snippet:-1","max-image-preview":"max-image-preview:large","max-video-preview":"max-video-preview:-1"},"canonical":"https:\/\/respiramismares.com\/cursos-online\/producto\/7-pasos-hacia-el-amor-propio-la-accion-que-requieres-para-tus-logros\/","og_locale":"es_ES","og_type":"article","og_title":"7 pasos hacia el amor propio: La acci\u00f3n que requieres para tus logros - Respira Mis Mares","og_description":"Descubre la magia del amor propio en nuestro curso dise\u00f1ado para empoderarte y transformar tu relaci\u00f3n contigo mismo. Explora la autoaceptaci\u00f3n, el bienestar emocional y la autocompasi\u00f3n. \u00danete a nosotros en este viaje de autodescubrimiento y crecimiento personal.","og_url":"https:\/\/respiramismares.com\/cursos-online\/producto\/7-pasos-hacia-el-amor-propio-la-accion-que-requieres-para-tus-logros\/","og_site_name":"Respira Mis Mares","article_publisher":"https:\/\/www.facebook.com\/respiramismares\/","article_modified_time":"2026-04-08T18:30:57+00:00","og_image":[{"width":1080,"height":1080,"url":"https:\/\/respiramismares.com\/cursos-online\/wp-content\/uploads\/2023\/11\/D1649056-BB00-4393-873E-5A5ADA4528BD.png","type":"image\/png"}],"twitter_card":"summary_large_image","schema":{"@context":"https:\/\/schema.org","@graph":[{"@type":"WebPage","@id":"https:\/\/respiramismares.com\/cursos-online\/producto\/7-pasos-hacia-el-amor-propio-la-accion-que-requieres-para-tus-logros\/","url":"https:\/\/respiramismares.com\/cursos-online\/producto\/7-pasos-hacia-el-amor-propio-la-accion-que-requieres-para-tus-logros\/","name":"7 pasos hacia el amor propio: La acci\u00f3n que requieres para tus logros - Respira Mis Mares","isPartOf":{"@id":"https:\/\/respiramismares.com\/cursos-online\/#website"},"primaryImageOfPage":{"@id":"https:\/\/respiramismares.com\/cursos-online\/producto\/7-pasos-hacia-el-amor-propio-la-accion-que-requieres-para-tus-logros\/#primaryimage"},"image":{"@id":"https:\/\/respiramismares.com\/cursos-online\/producto\/7-pasos-hacia-el-amor-propio-la-accion-que-requieres-para-tus-logros\/#primaryimage"},"thumbnailUrl":"https:\/\/respiramismares.com\/cursos-online\/wp-content\/uploads\/2023\/11\/D1649056-BB00-4393-873E-5A5ADA4528BD.png","datePublished":"2023-11-06T20:51:00+00:00","dateModified":"2026-04-08T18:30:57+00:00","breadcrumb":{"@id":"https:\/\/respiramismares.com\/cursos-online\/producto\/7-pasos-hacia-el-amor-propio-la-accion-que-requieres-para-tus-logros\/#breadcrumb"},"inLanguage":"es","potentialAction":[{"@type":"ReadAction","target":["https:\/\/respiramismares.com\/cursos-online\/producto\/7-pasos-hacia-el-amor-propio-la-accion-que-requieres-para-tus-logros\/"]}]},{"@type":"ImageObject","inLanguage":"es","@id":"https:\/\/respiramismares.com\/cursos-online\/producto\/7-pasos-hacia-el-amor-propio-la-accion-que-requieres-para-tus-logros\/#primaryimage","url":"https:\/\/respiramismares.com\/cursos-online\/wp-content\/uploads\/2023\/11\/D1649056-BB00-4393-873E-5A5ADA4528BD.png","contentUrl":"https:\/\/respiramismares.com\/cursos-online\/wp-content\/uploads\/2023\/11\/D1649056-BB00-4393-873E-5A5ADA4528BD.png","width":1080,"height":1080},{"@type":"BreadcrumbList","@id":"https:\/\/respiramismares.com\/cursos-online\/producto\/7-pasos-hacia-el-amor-propio-la-accion-que-requieres-para-tus-logros\/#breadcrumb","itemListElement":[{"@type":"ListItem","position":1,"name":"Home","item":"https:\/\/respiramismares.com\/cursos-online\/"},{"@type":"ListItem","position":2,"name":"Tienda","item":"https:\/\/respiramismares.com\/cursos-online\/tienda\/"},{"@type":"ListItem","position":3,"name":"7 pasos hacia el amor propio: La acci\u00f3n que requieres para tus logros"}]},{"@type":"WebSite","@id":"https:\/\/respiramismares.com\/cursos-online\/#website","url":"https:\/\/respiramismares.com\/cursos-online\/","name":"Respira Mis Mares","description":"Camila Fern\u00e1ndez","publisher":{"@id":"https:\/\/respiramismares.com\/cursos-online\/#organization"},"alternateName":"Camila Fern\u00e1ndez - Psicoterapeuta Cu\u00e1ntica y Gu\u00eda Bienestar mental, emocional y espiritual","potentialAction":[{"@type":"SearchAction","target":{"@type":"EntryPoint","urlTemplate":"https:\/\/respiramismares.com\/cursos-online\/?s={search_term_string}"},"query-input":{"@type":"PropertyValueSpecification","valueRequired":true,"valueName":"search_term_string"}}],"inLanguage":"es"},{"@type":"Organization","@id":"https:\/\/respiramismares.com\/cursos-online\/#organization","name":"Respira Mis Mares","alternateName":"Camila Fern\u00e1ndez - Psicoterapeuta Cu\u00e1ntica y Gu\u00eda Bienestar mental, emocional y espiritual","url":"https:\/\/respiramismares.com\/cursos-online\/","logo":{"@type":"ImageObject","inLanguage":"es","@id":"https:\/\/respiramismares.com\/cursos-online\/#\/schema\/logo\/image\/","url":"https:\/\/respiramismares.com\/cursos-online\/wp-content\/uploads\/2021\/01\/logop2.png","contentUrl":"https:\/\/respiramismares.com\/cursos-online\/wp-content\/uploads\/2021\/01\/logop2.png","width":972,"height":259,"caption":"Respira Mis Mares"},"image":{"@id":"https:\/\/respiramismares.com\/cursos-online\/#\/schema\/logo\/image\/"},"sameAs":["https:\/\/www.facebook.com\/respiramismares\/","https:\/\/www.instagram.com\/respiramismares\/"]}]}},"_links":{"self":[{"href":"https:\/\/respiramismares.com\/cursos-online\/wp-json\/wp\/v2\/product\/4591","targetHints":{"allow":["GET"]}}],"collection":[{"href":"https:\/\/respiramismares.com\/cursos-online\/wp-json\/wp\/v2\/product"}],"about":[{"href":"https:\/\/respiramismares.com\/cursos-online\/wp-json\/wp\/v2\/types\/product"}],"wp:featuredmedia":[{"embeddable":true,"href":"https:\/\/respiramismares.com\/cursos-online\/wp-json\/wp\/v2\/media\/4592"}],"wp:attachment":[{"href":"https:\/\/respiramismares.com\/cursos-online\/wp-json\/wp\/v2\/media?parent=4591"}],"wp:term":[{"taxonomy":"product_brand","embeddable":true,"href":"https:\/\/respiramismares.com\/cursos-online\/wp-json\/wp\/v2\/product_brand?post=4591"},{"taxonomy":"product_cat","embeddable":true,"href":"https:\/\/respiramismares.com\/cursos-online\/wp-json\/wp\/v2\/product_cat?post=4591"},{"taxonomy":"product_tag","embeddable":true,"href":"https:\/\/respiramismares.com\/cursos-online\/wp-json\/wp\/v2\/product_tag?post=4591"}],"curies":[{"name":"wp","href":"https:\/\/api.w.org\/{rel}","templated":true}]}}