{"id":2661,"date":"2021-09-22T01:47:03","date_gmt":"2021-09-22T01:47:03","guid":{"rendered":"https:\/\/camilafernandezargenziano.com\/cursos-online\/?post_type=product&#038;p=2661"},"modified":"2026-03-27T19:28:01","modified_gmt":"2026-03-27T19:28:01","slug":"reiki-usui-nivel-3","status":"publish","type":"product","link":"https:\/\/respiramismares.com\/cursos-online\/producto\/reiki-usui-nivel-3\/","title":{"rendered":"Reiki Usui Nivel 3"},"content":{"rendered":"<p>Reiki armoniza todo nuestro ser, cuerpo, mente y esp\u00edritu. La pr\u00e1ctica Reiki es un complemento valioso en todas las terapias m\u00e9dicas y hol\u00edsticas.<\/p>\n<p>El\u00a0Reiki\u00a0es una t\u00e9cnica curativa ancestral, que consiste en la imposici\u00f3n\u00a0de\u00a0manos sobre una persona, facilitando as\u00ed la transmisi\u00f3n\u00a0de\u00a0energ\u00eda curativa. Est\u00e1 profundamente ligado con los conceptos orientales\u00a0de\u00a0energ\u00eda vital (Ki, Chi, Prana, etc.), energ\u00eda universal, y flujo\u00a0de\u00a0energ\u00eda a trav\u00e9s\u00a0de\u00a0los chakras, puntos y canales energ\u00e9ticos presentes en el ser humano.<\/p>\n<p>El\u00a0Reiki\u00a0se refiere tanto a la energ\u00eda curativa como al sistema\u00a0de\u00a0canalizaci\u00f3n. Es compatible con otros m\u00e9todos\u00a0de\u00a0curaci\u00f3n y no est\u00e1 contraindicado en ning\u00fan caso.\u00a0De\u00a0hecho, aumenta la eficacia\u00a0de\u00a0otros tratamientos utilizados al mismo tiempo.<\/p>\n<p>Bienvenido a REIKI 3 En Este Nivel aprender\u00e1s a utilizar los s\u00edmbolos correspondientes de Reiki Usui 3, para sanaci\u00f3n.<\/p>\n","protected":false},"excerpt":{"rendered":"<p>Descubre las maravillas del Reiki en tu vida cotidiana y profesional. Reiki es despertar esa gu\u00eda interna que te dice por donde ir y como. Reiki se trata de crecer y alcanzar nuestro potencial, se trata de sanar el alma, un dolor que todos conocemos muy bien. Practica Reiki y lo sabr\u00e1s.<\/p>\n<p style=\"padding-left: 40px;\"><b>Puedes consultar <\/b><a style=\"font-weight: bold;\" href=\"https:\/\/wa.me\/+34600802673\">WhatsApp<\/a><\/p>\n","protected":false},"featured_media":3476,"template":"","meta":[],"product_brand":[],"product_cat":[34],"product_tag":[],"class_list":{"0":"post-2661","1":"product","2":"type-product","3":"status-publish","4":"has-post-thumbnail","6":"product_cat-cursos","8":"first","9":"instock","10":"sale","11":"shipping-taxable","12":"purchasable","13":"product-type-simple"},"yoast_head":"<!-- This site is optimized with the Yoast SEO plugin v27.3 - https:\/\/yoast.com\/product\/yoast-seo-wordpress\/ -->\n<title>Reiki Usui Nivel 3 - Respira Mis Mares<\/title>\n<meta name=\"robots\" content=\"index, follow, max-snippet:-1, max-image-preview:large, max-video-preview:-1\" \/>\n<link rel=\"canonical\" href=\"https:\/\/respiramismares.com\/cursos-online\/producto\/reiki-usui-nivel-3\/\" \/>\n<meta property=\"og:locale\" content=\"es_ES\" \/>\n<meta property=\"og:type\" content=\"article\" \/>\n<meta property=\"og:title\" content=\"Reiki Usui Nivel 3 - Respira Mis Mares\" \/>\n<meta property=\"og:description\" content=\"Descubre las maravillas del Reiki en tu vida cotidiana y profesional. Reiki es despertar esa gu\u00eda interna que te dice por donde ir y como. Reiki se trata de crecer y alcanzar nuestro potencial, se trata de sanar el alma, un dolor que todos conocemos muy bien. Practica Reiki y lo sabr\u00e1s. Puedes consultar WhatsApp\" \/>\n<meta property=\"og:url\" content=\"https:\/\/respiramismares.com\/cursos-online\/producto\/reiki-usui-nivel-3\/\" \/>\n<meta property=\"og:site_name\" content=\"Respira Mis Mares\" \/>\n<meta property=\"article:publisher\" content=\"https:\/\/www.facebook.com\/respiramismares\/\" \/>\n<meta property=\"article:modified_time\" content=\"2026-03-27T19:28:01+00:00\" \/>\n<meta property=\"og:image\" content=\"https:\/\/respiramismares.com\/cursos-online\/wp-content\/uploads\/2020\/11\/WhatsApp-Image-2023-03-17-at-18.46.46-e1679341677216.jpeg\" \/>\n\t<meta property=\"og:image:width\" content=\"992\" \/>\n\t<meta property=\"og:image:height\" content=\"1236\" \/>\n\t<meta property=\"og:image:type\" content=\"image\/jpeg\" \/>\n<meta name=\"twitter:card\" content=\"summary_large_image\" \/>\n<script type=\"application\/ld+json\" class=\"yoast-schema-graph\">{\"@context\":\"https:\\\/\\\/schema.org\",\"@graph\":[{\"@type\":\"WebPage\",\"@id\":\"https:\\\/\\\/respiramismares.com\\\/cursos-online\\\/producto\\\/reiki-usui-nivel-3\\\/\",\"url\":\"https:\\\/\\\/respiramismares.com\\\/cursos-online\\\/producto\\\/reiki-usui-nivel-3\\\/\",\"name\":\"Reiki Usui Nivel 3 - Respira Mis Mares\",\"isPartOf\":{\"@id\":\"https:\\\/\\\/respiramismares.com\\\/cursos-online\\\/#website\"},\"primaryImageOfPage\":{\"@id\":\"https:\\\/\\\/respiramismares.com\\\/cursos-online\\\/producto\\\/reiki-usui-nivel-3\\\/#primaryimage\"},\"image\":{\"@id\":\"https:\\\/\\\/respiramismares.com\\\/cursos-online\\\/producto\\\/reiki-usui-nivel-3\\\/#primaryimage\"},\"thumbnailUrl\":\"https:\\\/\\\/respiramismares.com\\\/cursos-online\\\/wp-content\\\/uploads\\\/2020\\\/11\\\/WhatsApp-Image-2023-03-17-at-18.46.46-e1679341677216.jpeg\",\"datePublished\":\"2021-09-22T01:47:03+00:00\",\"dateModified\":\"2026-03-27T19:28:01+00:00\",\"breadcrumb\":{\"@id\":\"https:\\\/\\\/respiramismares.com\\\/cursos-online\\\/producto\\\/reiki-usui-nivel-3\\\/#breadcrumb\"},\"inLanguage\":\"es\",\"potentialAction\":[{\"@type\":\"ReadAction\",\"target\":[\"https:\\\/\\\/respiramismares.com\\\/cursos-online\\\/producto\\\/reiki-usui-nivel-3\\\/\"]}]},{\"@type\":\"ImageObject\",\"inLanguage\":\"es\",\"@id\":\"https:\\\/\\\/respiramismares.com\\\/cursos-online\\\/producto\\\/reiki-usui-nivel-3\\\/#primaryimage\",\"url\":\"https:\\\/\\\/respiramismares.com\\\/cursos-online\\\/wp-content\\\/uploads\\\/2020\\\/11\\\/WhatsApp-Image-2023-03-17-at-18.46.46-e1679341677216.jpeg\",\"contentUrl\":\"https:\\\/\\\/respiramismares.com\\\/cursos-online\\\/wp-content\\\/uploads\\\/2020\\\/11\\\/WhatsApp-Image-2023-03-17-at-18.46.46-e1679341677216.jpeg\",\"width\":992,\"height\":1236},{\"@type\":\"BreadcrumbList\",\"@id\":\"https:\\\/\\\/respiramismares.com\\\/cursos-online\\\/producto\\\/reiki-usui-nivel-3\\\/#breadcrumb\",\"itemListElement\":[{\"@type\":\"ListItem\",\"position\":1,\"name\":\"Home\",\"item\":\"https:\\\/\\\/respiramismares.com\\\/cursos-online\\\/\"},{\"@type\":\"ListItem\",\"position\":2,\"name\":\"Tienda\",\"item\":\"https:\\\/\\\/respiramismares.com\\\/cursos-online\\\/tienda\\\/\"},{\"@type\":\"ListItem\",\"position\":3,\"name\":\"Reiki Usui Nivel 3\"}]},{\"@type\":\"WebSite\",\"@id\":\"https:\\\/\\\/respiramismares.com\\\/cursos-online\\\/#website\",\"url\":\"https:\\\/\\\/respiramismares.com\\\/cursos-online\\\/\",\"name\":\"Respira Mis Mares\",\"description\":\"Camila Fern\u00e1ndez\",\"publisher\":{\"@id\":\"https:\\\/\\\/respiramismares.com\\\/cursos-online\\\/#organization\"},\"alternateName\":\"Camila Fern\u00e1ndez - Psicoterapeuta Cu\u00e1ntica y Gu\u00eda Bienestar mental, emocional y espiritual\",\"potentialAction\":[{\"@type\":\"SearchAction\",\"target\":{\"@type\":\"EntryPoint\",\"urlTemplate\":\"https:\\\/\\\/respiramismares.com\\\/cursos-online\\\/?s={search_term_string}\"},\"query-input\":{\"@type\":\"PropertyValueSpecification\",\"valueRequired\":true,\"valueName\":\"search_term_string\"}}],\"inLanguage\":\"es\"},{\"@type\":\"Organization\",\"@id\":\"https:\\\/\\\/respiramismares.com\\\/cursos-online\\\/#organization\",\"name\":\"Respira Mis Mares\",\"alternateName\":\"Camila Fern\u00e1ndez - Psicoterapeuta Cu\u00e1ntica y Gu\u00eda Bienestar mental, emocional y espiritual\",\"url\":\"https:\\\/\\\/respiramismares.com\\\/cursos-online\\\/\",\"logo\":{\"@type\":\"ImageObject\",\"inLanguage\":\"es\",\"@id\":\"https:\\\/\\\/respiramismares.com\\\/cursos-online\\\/#\\\/schema\\\/logo\\\/image\\\/\",\"url\":\"https:\\\/\\\/respiramismares.com\\\/cursos-online\\\/wp-content\\\/uploads\\\/2021\\\/01\\\/logop2.png\",\"contentUrl\":\"https:\\\/\\\/respiramismares.com\\\/cursos-online\\\/wp-content\\\/uploads\\\/2021\\\/01\\\/logop2.png\",\"width\":972,\"height\":259,\"caption\":\"Respira Mis Mares\"},\"image\":{\"@id\":\"https:\\\/\\\/respiramismares.com\\\/cursos-online\\\/#\\\/schema\\\/logo\\\/image\\\/\"},\"sameAs\":[\"https:\\\/\\\/www.facebook.com\\\/respiramismares\\\/\",\"https:\\\/\\\/www.instagram.com\\\/respiramismares\\\/\"]}]}<\/script>\n<!-- \/ Yoast SEO plugin. -->","yoast_head_json":{"title":"Reiki Usui Nivel 3 - Respira Mis Mares","robots":{"index":"index","follow":"follow","max-snippet":"max-snippet:-1","max-image-preview":"max-image-preview:large","max-video-preview":"max-video-preview:-1"},"canonical":"https:\/\/respiramismares.com\/cursos-online\/producto\/reiki-usui-nivel-3\/","og_locale":"es_ES","og_type":"article","og_title":"Reiki Usui Nivel 3 - Respira Mis Mares","og_description":"Descubre las maravillas del Reiki en tu vida cotidiana y profesional. Reiki es despertar esa gu\u00eda interna que te dice por donde ir y como. Reiki se trata de crecer y alcanzar nuestro potencial, se trata de sanar el alma, un dolor que todos conocemos muy bien. Practica Reiki y lo sabr\u00e1s. Puedes consultar WhatsApp","og_url":"https:\/\/respiramismares.com\/cursos-online\/producto\/reiki-usui-nivel-3\/","og_site_name":"Respira Mis Mares","article_publisher":"https:\/\/www.facebook.com\/respiramismares\/","article_modified_time":"2026-03-27T19:28:01+00:00","og_image":[{"width":992,"height":1236,"url":"https:\/\/respiramismares.com\/cursos-online\/wp-content\/uploads\/2020\/11\/WhatsApp-Image-2023-03-17-at-18.46.46-e1679341677216.jpeg","type":"image\/jpeg"}],"twitter_card":"summary_large_image","schema":{"@context":"https:\/\/schema.org","@graph":[{"@type":"WebPage","@id":"https:\/\/respiramismares.com\/cursos-online\/producto\/reiki-usui-nivel-3\/","url":"https:\/\/respiramismares.com\/cursos-online\/producto\/reiki-usui-nivel-3\/","name":"Reiki Usui Nivel 3 - Respira Mis Mares","isPartOf":{"@id":"https:\/\/respiramismares.com\/cursos-online\/#website"},"primaryImageOfPage":{"@id":"https:\/\/respiramismares.com\/cursos-online\/producto\/reiki-usui-nivel-3\/#primaryimage"},"image":{"@id":"https:\/\/respiramismares.com\/cursos-online\/producto\/reiki-usui-nivel-3\/#primaryimage"},"thumbnailUrl":"https:\/\/respiramismares.com\/cursos-online\/wp-content\/uploads\/2020\/11\/WhatsApp-Image-2023-03-17-at-18.46.46-e1679341677216.jpeg","datePublished":"2021-09-22T01:47:03+00:00","dateModified":"2026-03-27T19:28:01+00:00","breadcrumb":{"@id":"https:\/\/respiramismares.com\/cursos-online\/producto\/reiki-usui-nivel-3\/#breadcrumb"},"inLanguage":"es","potentialAction":[{"@type":"ReadAction","target":["https:\/\/respiramismares.com\/cursos-online\/producto\/reiki-usui-nivel-3\/"]}]},{"@type":"ImageObject","inLanguage":"es","@id":"https:\/\/respiramismares.com\/cursos-online\/producto\/reiki-usui-nivel-3\/#primaryimage","url":"https:\/\/respiramismares.com\/cursos-online\/wp-content\/uploads\/2020\/11\/WhatsApp-Image-2023-03-17-at-18.46.46-e1679341677216.jpeg","contentUrl":"https:\/\/respiramismares.com\/cursos-online\/wp-content\/uploads\/2020\/11\/WhatsApp-Image-2023-03-17-at-18.46.46-e1679341677216.jpeg","width":992,"height":1236},{"@type":"BreadcrumbList","@id":"https:\/\/respiramismares.com\/cursos-online\/producto\/reiki-usui-nivel-3\/#breadcrumb","itemListElement":[{"@type":"ListItem","position":1,"name":"Home","item":"https:\/\/respiramismares.com\/cursos-online\/"},{"@type":"ListItem","position":2,"name":"Tienda","item":"https:\/\/respiramismares.com\/cursos-online\/tienda\/"},{"@type":"ListItem","position":3,"name":"Reiki Usui Nivel 3"}]},{"@type":"WebSite","@id":"https:\/\/respiramismares.com\/cursos-online\/#website","url":"https:\/\/respiramismares.com\/cursos-online\/","name":"Respira Mis Mares","description":"Camila Fern\u00e1ndez","publisher":{"@id":"https:\/\/respiramismares.com\/cursos-online\/#organization"},"alternateName":"Camila Fern\u00e1ndez - Psicoterapeuta Cu\u00e1ntica y Gu\u00eda Bienestar mental, emocional y espiritual","potentialAction":[{"@type":"SearchAction","target":{"@type":"EntryPoint","urlTemplate":"https:\/\/respiramismares.com\/cursos-online\/?s={search_term_string}"},"query-input":{"@type":"PropertyValueSpecification","valueRequired":true,"valueName":"search_term_string"}}],"inLanguage":"es"},{"@type":"Organization","@id":"https:\/\/respiramismares.com\/cursos-online\/#organization","name":"Respira Mis Mares","alternateName":"Camila Fern\u00e1ndez - Psicoterapeuta Cu\u00e1ntica y Gu\u00eda Bienestar mental, emocional y espiritual","url":"https:\/\/respiramismares.com\/cursos-online\/","logo":{"@type":"ImageObject","inLanguage":"es","@id":"https:\/\/respiramismares.com\/cursos-online\/#\/schema\/logo\/image\/","url":"https:\/\/respiramismares.com\/cursos-online\/wp-content\/uploads\/2021\/01\/logop2.png","contentUrl":"https:\/\/respiramismares.com\/cursos-online\/wp-content\/uploads\/2021\/01\/logop2.png","width":972,"height":259,"caption":"Respira Mis Mares"},"image":{"@id":"https:\/\/respiramismares.com\/cursos-online\/#\/schema\/logo\/image\/"},"sameAs":["https:\/\/www.facebook.com\/respiramismares\/","https:\/\/www.instagram.com\/respiramismares\/"]}]}},"_links":{"self":[{"href":"https:\/\/respiramismares.com\/cursos-online\/wp-json\/wp\/v2\/product\/2661","targetHints":{"allow":["GET"]}}],"collection":[{"href":"https:\/\/respiramismares.com\/cursos-online\/wp-json\/wp\/v2\/product"}],"about":[{"href":"https:\/\/respiramismares.com\/cursos-online\/wp-json\/wp\/v2\/types\/product"}],"wp:featuredmedia":[{"embeddable":true,"href":"https:\/\/respiramismares.com\/cursos-online\/wp-json\/wp\/v2\/media\/3476"}],"wp:attachment":[{"href":"https:\/\/respiramismares.com\/cursos-online\/wp-json\/wp\/v2\/media?parent=2661"}],"wp:term":[{"taxonomy":"product_brand","embeddable":true,"href":"https:\/\/respiramismares.com\/cursos-online\/wp-json\/wp\/v2\/product_brand?post=2661"},{"taxonomy":"product_cat","embeddable":true,"href":"https:\/\/respiramismares.com\/cursos-online\/wp-json\/wp\/v2\/product_cat?post=2661"},{"taxonomy":"product_tag","embeddable":true,"href":"https:\/\/respiramismares.com\/cursos-online\/wp-json\/wp\/v2\/product_tag?post=2661"}],"curies":[{"name":"wp","href":"https:\/\/api.w.org\/{rel}","templated":true}]}}